 12) to base 13
-b5
-13 (base 5) to base 10
-8
Convert -23 (base 6) to base 13.
-12
Convert 8 (base 13) to base 7.
11
-164 (base 7) to base 13
-74
4 (base 10) to base 7
4
What is -2b (base 13) in base 11?
-34
What is -ab (base 13) in base 4?
-2031
Convert -12 (base 11) to base 6.
-21
Convert 4 (base 10) to base 8.
4
What is 552 (base 6) in base 12?
158
Convert -37 (base 8) to base 13.
-25
What is -11 (base 6) in base 2?
-111
What is -1 (base 13) in base 2?
-1
What is 19 (base 11) in base 14?
16
Convert 154 (base 8) to base 4.
1230
Convert 3 (base 6) to base 11.
3
What is -21 (base 6) in base 3?
-111
44 (base 6) to base 2
11100
-10 (base 3) to base 5
-3
11000 (base 2) to base 16
18
-1 (base 13) to base 9
-1
What is -12220 (base 3) in base 11?
-135
Convert 13 (base 9) to base 11.
11
Convert -28 (base 12) to base 10.
-32
11111 (base 3) to base 5
441
What is -111010 (base 2) in base 16?
-3a
-7 (base 14) to base 10
-7
3331 (base 4) to base 13
166
Convert -3 (base 10) to base 12.
-3
-3 (base 16) to base 14
-3
Convert -16 (base 12) to base 2.
-10010
Convert -14 (base 15) to base 5.
-34
What is 0 (base 16) in base 7?
0
Convert 2b (base 13) to base 4.
211
Convert 2 (base 5) to base 13.
2
What is -18 (base 10) in base 16?
-12
What is 150 (base 6) in base 4?
1002
Convert -149 (base 15) to base 16.
-126
Convert 2213 (base 4) to base 6.
435
Convert -128 (base 12) to base 6.
-452
Convert -6 (base 8) to base 11.
-6
Convert -3 (base 5) to base 10.
-3
What is 30 (base 4) in base 8?
14
What is 20 (base 7) in base 11?
13
What is 2220 (base 3) in base 12?
66
10 (base 3) to base 10
3
What is 22 (base 13) in base 5?
103
What is -4 (base 6) in base 8?
-4
What is 3000 (base 4) in base 13?
11a
What is -b (base 16) in base 2?
-1011
What is -3 (base 6) in base 14?
-3
What is -8 (base 11) in base 9?
-8
What is -33 (base 4) in base 2?
-1111
-1010 (base 3) to base 11
-28
Convert -2 (base 16) to base 12.
-2
-2 (base 13) to base 3
-2
What is -13 (base 5) in base 13?
-8
What is 2 (base 13) in base 15?
2
Convert 12 (base 10) to base 5.
22
Convert -3 (base 6) to base 14.
-3
Convert -1b (base 16) to base 13.
-21
What is 64 (base 12) in base 6?
204
40 (base 16) to base 15
44
244 (base 6) to base 9
121
What is -73 (base 13) in base 3?
-10111
645 (base 7) to base 12
233
What is 2 (base 13) in base 15?
2
8 (base 11) to base 16
8
Convert 144 (base 10) to base 9.
170
What is 3 (base 4) in base 6?
3
-36 (base 9) to base 3
-1020
Convert 33 (base 5) to base 2.
10010
Convert 4 (base 14) to base 16.
4
59 (base 13) to base 4
1022
What is -7 (base 16) in base 4?
-13
Convert 430 (base 8) to base 11.
235
Convert 2 (base 9) to base 5.
2
Convert 35 (base 9) to base 3.
1012
What is 1 (base 10) in base 9?
1
4 (base 9) to base 2
100
Convert 78 (base 9) to base 6.
155
Convert 11 (base 10) to base 7.
14
Convert -277 (base 8) to base 9.
-232
25 (base 16) to base 9
41
What is 0 (base 2) in base 10?
0
-14 (base 5) to base 3
-100
Convert 0 (base 5) to base 8.
0
123 (base 7) to base 16
42
What is -18a (base 13) in base 12?
-1b7
1010 (base 2) to base 7
13
Convert -21 (base 3) to base 8.
-7
Convert 156 (base 10) to base 11.
132
Convert aa (base 12) to base 4.
2002
What is 49 (base 11) in base 10?
53
Convert 15 (base 8) to base 11.
12
41 (base 6) to base 5
100
1b (base 14) to base 2
11001
Convert -49 (base 10) to base 16.
-31
Convert 380 (base 9) to base 6.
1243
Convert -40 (base 15) to base 7.
-114
What is -36 (base 8) in base 10?
-30
Convert 17 (base 12) to base 10.
19
100 (base 2) to base 4
10
1 (base 7) to base 16
1
What is 16 (base 10) in base 13?
13
-16 (base 8) to base 14
-10
-3 (base 7) to base 3
-10
1 (base 13) to base 10
1
Convert 13 (base 6) to base 12.
9
What is 0 (base 5) in base 3?
0
What is 322 (base 4) in base 5?
213
-18 (base 14) to base 3
-211
What is -14 (base 5) in base 4?
-21
Convert -10 (base 6) to base 9.
-6
What is -3 (base 12) in base 6?
-3
What is -10100 (base 2) in base 12?
-18
1 (base 11) to base 2
1
-3 (base 11) to base 5
-3
-72 (base 8) to base 12
-4a
What is 20 (base 8) in base 11?
15
144 (base 13) to base 14
121
-2 (base 14) to base 9
-2
5 (base 12) to base 10
5
What is 2 (base 6) in base 2?
10
Convert 21 (base 3) to base 4.
13
What is 11100 (base 3) in base 6?
313
Convert -19 (base 12) to base 11.
-1a
Convert -122 (base 5) to base 3.
-1101
What is -112 (base 4) in base 10?
-22
-2 (base 6) to base 15
-2
What is -21 (base 6) in base 15?
-d
What is 5 (base 16) in base 10?
5
Convert 2 (base 4) to base 2.
10
185 (base 11) to base 9
257
Convert -3 (base 5) to base 13.
-3
What is 3 (base 9) in base 16?
3
Convert -110110 (base 2) to base 12.
-46
What is 102 (base 3) in base 14?
b
36 (base 14) to base 13
39
What is -11 (base 3) in base 5?
-4
What is -20 (base 6) in base 12?
-10
Convert 32 (base 5) to base 7.
23
172 (base 14) to base 9
358
-6 (base 13) to base 12
-6
5 (base 13) to base 5
10
-5 (base 11) to base 14
-5
What is 21220 (base 3) in base 8?
325
What is 12 (base 13) in base 7?
21
Convert 1 (base 13) to base 10.
1
b (base 16) to base 11
10
What is -42 (base 7) in base 12?
-26
What is -89 (base 11) in base 7?
-166
-8 (base 11) to base 6
-12
10 (base 15) to base 5
30
a2 (base 14) to base 10
142
What is 19 (base 15) in base 10?
24
-1110 (base 3) to base 4
-213
What is -4 (base 15) in base 3?
-11
-35 (base 15) to base 3
-1212
1 (base 6) to base 4
1
What is -1 (base 7) in base 11?
-1
-200 (base 3) to base 8
-22
What is -10 (base 5) in base 4?
-11
-6 (base 14) to base 15
-6
1 (base 15) to base 3
1
What is 2000 (base 3) in base 13?
42
1 (base 9) to base 13
1
d (base 16) to base 6
21
What is -1 (base 4) in base 7?
-1
10001 (base 2) to base 8
21
Convert 1101100 (base 2) to base 14.
7a
What is 200 (base 3) in base 9?
20
What is -7 (base 15) in base 10?
-7
Convert 1 (base 16) to base 9.
1
What is 100 (base 3) in base 12?
9
Convert 11 (base 7) to base 4.
20
What is 3 (base 8) in base 4?
3
-1 (base 13) to base 7
-1
What is -11110 (base 2) in base 6?
-50
-1010 (base 2) to base 6
-14
What is 0 (base 14) in base 15?
0
What is 7 (base 10) in base 3?
21
3 (base 8) to base 12
3
10 (base 3) to base 14
3
What is -7 (base 16) in base 11?
-7
-6 (base 7) to base 9
-6
-59 (base 16) to base 13
-6b
What is 7 (base 13) in base 7?
10
What is 0 (base 8) in base 11?
0
-18 (base 13) to base 8
-25
Convert 10211 (base 4) to base 14.
16d
What is 168 (base 9) in base 4?
2033
10 (base 4) to base 6
4
3 (base 8) to base 6
3
Convert 22 (base 5) to base 9.
13
Convert -31 (base 4) to base 10.
-13
Convert 203 (base 4) to base 16.
23
Convert 13 (base 5) to base 8.
10
Convert -24 (base 7) to base 13.
-15
Convert -1 (base 16) to base 4.
-1
Convert 266 (base 9) to base 5.
1342
Convert -17 (base 8) to base 5.
-30
-2 (base 6) to base 8
-2
Convert -44 (base 6) to base 11.
-26
What is 5 (base 8) in base 12?
5
13 (base 6) to base 13
9
-127 (base 16) to base 7
-601
Convert 14 (base 16) to base 5.
40
What is 1101000 (base 2) in base 14?
76
Convert -e3 (base 15) to base 2.
-11010101
What is 2220 (base 4) in base 11?
143
-15 (base 10) to base 13
-12
What is -8 (base 11) in base 2?
-1000
Convert 1032 (base 7) to base 15.
196
Convert 1 (base 4) to base 16.
1
95 (base 10) to base 14
6b
Convert -31 (base 7) to base 16.
-16
6 (base 9) to base 2
110
-3 (base 15) to base 8
-3
540 (base 6) to base 14
108
What is -6 (base 16) in base 9?
-6
Convert -70 (base 13) to base 14.
-67
What is -101 (base 5) in base 13?
-20
What is -142 (base 6) in base 14?
-46
1 (base 13) to base 8
1
4 (base 8) to base 4
10
What is -32 (base 10) in base 4?
-200
What is 42 (base 6) in base 7?
35
Convert 0 (base 6) to base 15.
0
20 (base 13) to base 7
35
What is -48 (base 15) in base 9?
-75
What is -41 (base 16) in base 3?
-2102
What is 36 (base 10) in base 8?
44
3 (base 13) to base 3
10
What is 62 (base 9) in base 15?
3b
What is 3 (base 14) in base 7?
3
Convert -4 (base 8) to base 7.
-4
2 (base 7) to base 13
2
-8 (base 13) to base 5
-13
What is 5 (base 16) in base 8?
5
0 (base 15) to base 14
0
Convert -10 (base 4) to base 9.
-4
What is a9 (base 13) in base 14?
9d
What is -53 (base 13) in base 14?
-4c
What is 10 (base 2) in base 6?
2
-32 (base 7) to base 11
-21
43 (base 12) to base 5
201
What is 10 (base 9) in base 7?
12
What is -7 (base 13) in base 11?
-7
Convert